{"id":1338,"date":"2019-06-24T14:31:18","date_gmt":"2019-06-24T12:31:18","guid":{"rendered":"https:\/\/amco.cat\/politica-de-privacitat\/"},"modified":"2025-10-19T18:43:03","modified_gmt":"2025-10-19T16:43:03","slug":"politica-de-privacitat","status":"publish","type":"page","link":"https:\/\/amco.cat\/ca\/politica-de-privacitat\/","title":{"rendered":"Pol\u00edtica de Privacitat"},"content":{"rendered":"\t\t<div data-elementor-type=\"wp-page\" data-elementor-id=\"1338\" class=\"elementor elementor-1338 elementor-3\" data-elementor-post-type=\"page\">\n\t\t\t\t<div class=\"elementor-element elementor-element-51eb8a86 e-flex e-con-boxed e-con e-parent\" data-id=\"51eb8a86\" data-element_type=\"container\" data-e-type=\"container\">\n\t\t\t\t\t<div class=\"e-con-inner\">\n\t\t\t\t<div class=\"elementor-element elementor-element-637854a elementor-widget elementor-widget-text-editor\" data-id=\"637854a\" data-element_type=\"widget\" data-e-type=\"widget\" data-widget_type=\"text-editor.default\">\n\t\t\t\t\t\t\t\t\t<h2><span style=\"color: #ffffff;\"><strong>POL\u00cdTICA DE PRIVACITAT\u00a0<\/strong><\/span><\/h2><br>Actualitzada: Agost del 2025<br><br>D&#8217;acord amb el que disposa el Reglament (UE) 2016\/679 (RGPD) i la LOPDGDD, AMCO MECANITZATS, S.L., com a responsable del tractament, informa als usuaris d&#8217;aquest lloc web que les dades personals que es recaptin seran tractades amb la finalitat de <strong>gestionar les consultes rebudes, mantenir relacions comercials. <\/strong><br><br><strong>Responsable del tractament: <\/strong><br>AMCO MECANITZATS, S.L. &#8211; <span style=\"font-weight: 400;\">B55222558<\/span><br>C\/ Mas Resplandis, 17-D B\u00fastia n\u00ba 11<br>Poligon Industrial La Riera d&#8217;Esclany\u00e0 &#8211; 17255 &#8211; BEGUR (GIRONA)<br>amco@amco.cat<br><br><strong>Finalitat del tractament:<\/strong><br>\u2013 Gestionar comunicacions rebudes a trav\u00e9s del formulari de contacte.<br>\u2013 Realitzar accions comercials relacionades amb els nostres serveis.<br>\u2013 Compliment d&#8217;obligacions legals i fiscals.<br><br><strong>Legitimaci\u00f3:<\/strong><br>Consentiment de la persona interessada o execuci\u00f3 d&#8217;un contracte.<br><br><strong>Destinataris:<\/strong><br>No se cediran dades a tercers, excepte obligaci\u00f3 legal o prestaci\u00f3 de serveis per tercers encarregats del tractament.<br><br><strong>Drets:<\/strong><br>Teniu dret a accedir, rectificar, suprimir, limitar i oposar-vos al tractament de les vostres dades, aix\u00ed com a presentar una reclamaci\u00f3 davant l&#8217;Ag\u00e8ncia Espanyola de Protecci\u00f3 de Dades.\t\t\t\t\t\t\t\t<\/div>\n\t\t\t\t\t<\/div>\n\t\t\t\t<\/div>\n\t\t\t\t<\/div>\n\t\t","protected":false},"excerpt":{"rendered":"<p>POL\u00cdTICA DE PRIVACITAT\u00a0 Actualitzada: Agost del 2025 D&#8217;acord amb el que disposa el Reglament (UE) 2016\/679 (RGPD) i la LOPDGDD, AMCO MECANITZATS, S.L., com a responsable<span class=\"excerpt-hellip\"> [\u2026]<\/span><\/p>\n","protected":false},"author":1,"featured_media":1337,"parent":0,"menu_order":0,"comment_status":"closed","ping_status":"open","template":"","meta":{"footnotes":""},"class_list":["post-1338","page","type-page","status-publish","has-post-thumbnail","hentry"],"aioseo_notices":[],"_links":{"self":[{"href":"https:\/\/amco.cat\/ca\/wp-json\/wp\/v2\/pages\/1338","targetHints":{"allow":["GET"]}}],"collection":[{"href":"https:\/\/amco.cat\/ca\/wp-json\/wp\/v2\/pages"}],"about":[{"href":"https:\/\/amco.cat\/ca\/wp-json\/wp\/v2\/types\/page"}],"author":[{"embeddable":true,"href":"https:\/\/amco.cat\/ca\/wp-json\/wp\/v2\/users\/1"}],"replies":[{"embeddable":true,"href":"https:\/\/amco.cat\/ca\/wp-json\/wp\/v2\/comments?post=1338"}],"version-history":[{"count":1,"href":"https:\/\/amco.cat\/ca\/wp-json\/wp\/v2\/pages\/1338\/revisions"}],"predecessor-version":[{"id":1339,"href":"https:\/\/amco.cat\/ca\/wp-json\/wp\/v2\/pages\/1338\/revisions\/1339"}],"wp:featuredmedia":[{"embeddable":true,"href":"https:\/\/amco.cat\/ca\/wp-json\/wp\/v2\/media\/1337"}],"wp:attachment":[{"href":"https:\/\/amco.cat\/ca\/wp-json\/wp\/v2\/media?parent=1338"}],"curies":[{"name":"wp","href":"https:\/\/api.w.org\/{rel}","templated":true}]}}

Política de Privacitat

<div data-elementor-type="wp-page" data-elementor-id="1338" class="elementor elementor-1338 elementor-3" data-elementor-post-type="page">
				<div class="elementor-element elementor-element-51eb8a86 e-flex e-con-boxed e-con e-parent" data-id="51eb8a86" data-element_type="container" data-e-type="container">
					<div class="e-con-inner">
				<div class="elementor-element elementor-element-637854a elementor-widget elementor-widget-text-editor" data-id="637854a" data-element_type="widget" data-e-type="widget" data-widget_type="text-editor.default">
									<h2><span style="color: #ffffff;"><strong>POLÍTICA DE PRIVACITAT </strong></span></h2><br>Actualitzada: Agost del 2025<br><br>D&#8217;acord amb el que disposa el Reglament (UE) 2016/679 (RGPD) i la LOPDGDD, AMCO MECANITZATS, S.L., com a responsable del tractament, informa als usuaris d&#8217;aquest lloc web que les dades personals que es recaptin seran tractades amb la finalitat de <strong>gestionar les consultes rebudes, mantenir relacions comercials. </strong><br><br><strong>Responsable del tractament: </strong><br>AMCO MECANITZATS, S.L. &#8211; <span style="font-weight: 400;">B55222558</span><br>C/ Mas Resplandis, 17-D Bústia nº 11<br>Poligon Industrial La Riera d&#8217;Esclanyà &#8211; 17255 &#8211; BEGUR (GIRONA)<br>amco@amco.cat<br><br><strong>Finalitat del tractament:</strong><br>– Gestionar comunicacions rebudes a través del formulari de contacte.<br>– Realitzar accions comercials relacionades amb els nostres serveis.<br>– Compliment d&#8217;obligacions legals i fiscals.<br><br><strong>Legitimació:</strong><br>Consentiment de la persona interessada o execució d&#8217;un contracte.<br><br><strong>Destinataris:</strong><br>No se cediran dades a tercers, excepte obligació legal o prestació de serveis per tercers encarregats del tractament.<br><br><strong>Drets:</strong><br>Teniu dret a accedir, rectificar, suprimir, limitar i oposar-vos al tractament de les vostres dades, així com a presentar una reclamació davant l&#8217;Agència Espanyola de Protecció de Dades.								</div>
					</div>
				</div>
				</div>

<p>POLÍTICA DE PRIVACITAT  Actualitzada: Agost del 2025 D&#8217;acord amb el que disposa el Reglament (UE) 2016/679 (RGPD) i la LOPDGDD, AMCO MECANITZATS, S.L., com a responsable<span class="excerpt-hellip"> […]</span></p>
