{"id":1371,"date":"2025-10-19T18:47:02","date_gmt":"2025-10-19T16:47:02","guid":{"rendered":"https:\/\/amco.cat\/avis-legal\/"},"modified":"2025-10-19T18:54:10","modified_gmt":"2025-10-19T16:54:10","slug":"avis-legal","status":"publish","type":"page","link":"https:\/\/amco.cat\/ca\/avis-legal\/","title":{"rendered":"Avis Legal"},"content":{"rendered":"\t\t<div data-elementor-type=\"wp-page\" data-elementor-id=\"1371\" class=\"elementor elementor-1371 elementor-1364\" data-elementor-post-type=\"page\">\n\t\t\t\t<div class=\"elementor-element elementor-element-51eb8a86 e-flex e-con-boxed e-con e-parent\" data-id=\"51eb8a86\" data-element_type=\"container\" data-e-type=\"container\">\n\t\t\t\t\t<div class=\"e-con-inner\">\n\t\t\t\t<div class=\"elementor-element elementor-element-637854a elementor-widget elementor-widget-text-editor\" data-id=\"637854a\" data-element_type=\"widget\" data-e-type=\"widget\" data-widget_type=\"text-editor.default\">\n\t\t\t\t\t\t\t\t\t<h2><span style=\"color: #ffffff;\"><strong>AV\u00cdS LEGAL<\/strong><\/span><\/h2>\n<p>Actualitzat a l&#8217;agost del 2025<\/p>\n<p><strong>Titular del lloc web:<\/strong><br \/><span style=\"font-weight: 400;\">AMCO MECANITZATS EMPORDA SL<\/span><br \/>NIF: B55222558<br \/>Domicili: C\/Mas Resplandis, 17-D B\u00fastia n\u00fam. 11. Poligon Industrial La Riera d&#8217;Esclany\u00e0 &#8211; 17255 &#8211; BEGUR (GIRONA)<br \/>Tel\u00e8fon: +34 972303983<br \/>Correu electr\u00f2nic:<span style=\"text-decoration: underline;\"> <span style=\"color: #ffffff; text-decoration: underline;\"><strong><a style=\"color: #ffffff; text-decoration: underline;\" href=\"mailto:amco@amco.cat\">amco@amco.cat<\/a><\/strong><\/span><\/span><\/p>\n<p><strong>Propietat intel\u00b7lectual:<\/strong><br \/>Tots els continguts del lloc web, inclosos textos, imatges, logotips, disseny i codi font, s\u00f3n propietat de AMCO Mecanitzats o de tercers, i estan protegits per la normativa de propietat intel\u00b7lectual i industrial.<\/p>\n<p><strong>Responsabilitat del titular:<\/strong><br \/>AMCO Mecanitzats no es responsabilitza del mal \u00fas dels continguts d&#8217;aquest lloc web, i \u00e9s exclusiva responsabilitat de la persona que accedeix o els utilitza. Tampoc no garanteix la disponibilitat permanent del lloc, encara que es compromet a mantenir-lo operatiu amb la m\u00e0xima qualitat possible.<\/p>\n<p><strong>Modificacions:<\/strong><br \/>AMCO es reserva el dret a modificar els continguts del lloc web i el present av\u00eds legal en qualsevol moment i sense av\u00eds previ.<\/p>\n\t\t\t\t\t\t\t\t<\/div>\n\t\t\t\t\t<\/div>\n\t\t\t\t<\/div>\n\t\t\t\t<\/div>\n\t\t","protected":false},"excerpt":{"rendered":"<p>AV\u00cdS LEGAL Actualitzat a l&#8217;agost del 2025 Titular del lloc web:AMCO MECANITZATS EMPORDA SLNIF: B55222558Domicili: C\/Mas Resplandis, 17-D B\u00fastia n\u00fam. 11. Poligon Industrial La Riera d&#8217;Esclany\u00e0<span class=\"excerpt-hellip\"> [\u2026]<\/span><\/p>\n","protected":false},"author":1,"featured_media":1370,"parent":0,"menu_order":0,"comment_status":"closed","ping_status":"open","template":"","meta":{"footnotes":""},"class_list":["post-1371","page","type-page","status-publish","has-post-thumbnail","hentry"],"aioseo_notices":[],"_links":{"self":[{"href":"https:\/\/amco.cat\/ca\/wp-json\/wp\/v2\/pages\/1371","targetHints":{"allow":["GET"]}}],"collection":[{"href":"https:\/\/amco.cat\/ca\/wp-json\/wp\/v2\/pages"}],"about":[{"href":"https:\/\/amco.cat\/ca\/wp-json\/wp\/v2\/types\/page"}],"author":[{"embeddable":true,"href":"https:\/\/amco.cat\/ca\/wp-json\/wp\/v2\/users\/1"}],"replies":[{"embeddable":true,"href":"https:\/\/amco.cat\/ca\/wp-json\/wp\/v2\/comments?post=1371"}],"version-history":[{"count":1,"href":"https:\/\/amco.cat\/ca\/wp-json\/wp\/v2\/pages\/1371\/revisions"}],"predecessor-version":[{"id":1372,"href":"https:\/\/amco.cat\/ca\/wp-json\/wp\/v2\/pages\/1371\/revisions\/1372"}],"wp:featuredmedia":[{"embeddable":true,"href":"https:\/\/amco.cat\/ca\/wp-json\/wp\/v2\/media\/1370"}],"wp:attachment":[{"href":"https:\/\/amco.cat\/ca\/wp-json\/wp\/v2\/media?parent=1371"}],"curies":[{"name":"wp","href":"https:\/\/api.w.org\/{rel}","templated":true}]}}

<div data-elementor-type="wp-page" data-elementor-id="1371" class="elementor elementor-1371 elementor-1364" data-elementor-post-type="page">
				<div class="elementor-element elementor-element-51eb8a86 e-flex e-con-boxed e-con e-parent" data-id="51eb8a86" data-element_type="container" data-e-type="container">
					<div class="e-con-inner">
				<div class="elementor-element elementor-element-637854a elementor-widget elementor-widget-text-editor" data-id="637854a" data-element_type="widget" data-e-type="widget" data-widget_type="text-editor.default">
									<h2><span style="color: #ffffff;"><strong>AVÍS LEGAL</strong></span></h2>
<p>Actualitzat a l&#8217;agost del 2025</p>
<p><strong>Titular del lloc web:</strong><br /><span style="font-weight: 400;">AMCO MECANITZATS EMPORDA SL</span><br />NIF: B55222558<br />Domicili: C/Mas Resplandis, 17-D Bústia núm. 11. Poligon Industrial La Riera d&#8217;Esclanyà &#8211; 17255 &#8211; BEGUR (GIRONA)<br />Telèfon: +34 972303983<br />Correu electrònic:<span style="text-decoration: underline;"> <span style="color: #ffffff; text-decoration: underline;"><strong><a style="color: #ffffff; text-decoration: underline;" href="mailto:amco@amco.cat">amco@amco.cat</a></strong></span></span></p>
<p><strong>Propietat intel·lectual:</strong><br />Tots els continguts del lloc web, inclosos textos, imatges, logotips, disseny i codi font, són propietat de AMCO Mecanitzats o de tercers, i estan protegits per la normativa de propietat intel·lectual i industrial.</p>
<p><strong>Responsabilitat del titular:</strong><br />AMCO Mecanitzats no es responsabilitza del mal ús dels continguts d&#8217;aquest lloc web, i és exclusiva responsabilitat de la persona que accedeix o els utilitza. Tampoc no garanteix la disponibilitat permanent del lloc, encara que es compromet a mantenir-lo operatiu amb la màxima qualitat possible.</p>
<p><strong>Modificacions:</strong><br />AMCO es reserva el dret a modificar els continguts del lloc web i el present avís legal en qualsevol moment i sense avís previ.</p>
								</div>
					</div>
				</div>
				</div>

<p>AVÍS LEGAL Actualitzat a l&#8217;agost del 2025 Titular del lloc web:AMCO MECANITZATS EMPORDA SLNIF: B55222558Domicili: C/Mas Resplandis, 17-D Bústia núm. 11. Poligon Industrial La Riera d&#8217;Esclanyà<span class="excerpt-hellip"> […]</span></p>
